w(k) = -2*k + 64*k**2 + 11*k**2 - 16*k**2 + 80*k**2. What are the prime factors of w(1)?
137
Suppose -3*h + 6 = 0, h = w + 5*h - 1082. Suppose -10*a - 134 + w = 0. What are the prime factors of a?
2, 47
Let o(z) = 12*z**2 - 16*z - 1. Let u be o(-7). Suppose 344 + u = 7*g. What are the prime factors of g?
149
Let u(a) = -2*a**3 - 6*a**2 - 8*a - 16. List the prime factors of u(-9).
2, 257
Let d be 87*(-2 + -2 + 3). Let h = -7 - d. List the prime factors of h.
2, 5
Let w be -2932*(-5 + 5 - 1). Suppose -w + 808 = -9*v. What are the prime factors of v?
2, 59
Let i = -24 + 28. Suppose b + i*r = 7, -3 - 7 = 2*r. What are the prime factors of b?
3
List the prime factors of -3*(-2 + 1466)/(-6).
2, 3, 61
Suppose -5*s = -2*h - 542, s = -3*h + 2*h + 114. List the prime factors of s.
2, 5, 11
Suppose -268 - 44 = -6*v. What are the prime factors of v?
2, 13
Suppose 0*t - 12 = 4*t, -2*z + 5*t + 341 = 0. List the prime factors of z.
163
Let a(f) = -334*f**3 - 13*f**2 + 7*f + 6. Let p(d) = 223*d**3 + 9*d**2 - 5*d - 4. Let w(u) = 5*a(u) + 7*p(u). What are the prime factors of w(-1)?
109
Let m = -209 + 411. Let u = 285 - m. List the prime factors of u.
83
Suppose 9 = -5*j - 101. Let y be (-4)/(-6) + j/(-3). Suppose 45 = y*f - 5*f. List the prime factors of f.
3, 5
Suppose -5*q - 26 - 34 = 0. Let p(a) be the first derivative of -a**3/3 - 9*a**2 - 15*a + 5. List the prime factors of p(q).
3, 19
Suppose 42*l = 38*l. Suppose 0 = 4*i - 2*y - 234, -2*y + 4*y - 6 = l. List the prime factors of i.
2, 3, 5
Let x(n) = n**2 + 2. Let k be x(-2). Suppose -2*a - 13 = 2*a - h, -3 = 2*a + 3*h. List the prime factors of a/k*-6 - -11.
2, 7
Let r(v) = -v**2 - v. Let u(h) = -68*h**2 - 2*h - 1. Let l(o) = 2*r(o) - u(o). What are the prime factors of l(1)?
67
Let z be 1/(-3)*(-2 - 1). List the prime factors of ((-4)/z)/(0 + -2) + 54.
2, 7
Let z(x) = -x - 4. Let c be z(-15). Suppose 3*n + 712 = c*n. What are the prime factors of n?
89
Suppose 3*w - 18 = -6. Suppose 5*z + 540 = 5*g, -w*g + 3*z + 198 + 238 = 0. List the prime factors of g.
2, 7
Let d be 5 + -1 + (3 - 3). Suppose 2*c - d*u = 186, -c + 4*c - 4*u = 279. What are the prime factors of c?
3, 31
Let d be (-14 - -17)/((-1)/(-2)). Let f = -4 - -8. Let y = d - f. List the prime factors of y.
2
Let q = -1206 - -832. Let d = q + 614. List the prime factors of d.
2, 3, 5
Let h = -593 + 851. What are the prime factors of h?
2, 3, 43
List the prime factors of ((-216)/(-60))/((32/(-940))/(-4)).
3, 47
Suppose 7*l - 2673 - 827 = 0. What are the prime factors of l?
2, 5
Suppose 2*x - 525 = x. List the prime factors of x.
3, 5, 7
Let u(l) = l**3 - 4*l**2 + l - 4. Let g be u(4). Suppose p + 2*p - 81 = g. List the prime factors of p.
3
What are the prime factors of (-2 - 6/12)*276/(-10)?
3, 23
List the prime factors of (1 + 0)/(7 + 1266/(-181)).
181
Let d be (306/(-5))/((-1)/5). Suppose d + 237 = 3*u. List the prime factors of u.
181
Let w(m) = 10*m**2 + 7*m - 4. Let p(t) = t**2 + 8*t - 16. Let l be p(-10). What are the prime factors of w(l)?
2, 23
Let y(j) = -j**3 - 4*j**2 + 2*j + 8. Let a be y(-4). What are the prime factors of (a - -1) + -3 + -4 + 8?
2
Suppose 15*p - 47 = -1007. Let q = p + 188. List the prime factors of q.
2, 31
Suppose -2*j + 5 = -5. Suppose 0 = -3*c + j*k + 27, -4*c + 4*k = -k - 31. Suppose l = c*d + 42, -3*l + 171 = 4*d - d. List the prime factors of l.
2, 3
Suppose -265*j + 263*j = -696. What are the prime factors of j?
2, 3, 29
Suppose -x = -2*z, 0 = x + z - 3 - 0. Suppose 2*k = x*f + 46, -f = -2*k - k + 59. What are the prime factors of (-1*k)/(-15 - -13)?
3
Let l = -64 + -73. Let b = -68 - l. What are the prime factors of b?
3, 23
What are the prime factors of 10770/5 - (-16)/(12 - 8)?
2, 13, 83
Suppose 0 = 3*r - 0*r. Suppose -x = -r*x - 4. Suppose -5*d = -d + a - 10, -3*a = -x*d + 18. List the prime factors of d.
3
Let z(d) = 2*d - 11. Let i(w) = -2*w + 11. Let c(n) = 3*i(n) + 2*z(n). Let x be c(-8). Suppose t + 0 = x. What are the prime factors of t?
3
Suppose 13 = 5*g - 487. Let z = g + -50. What are the prime factors of z?
2, 5
Let o(a) = a**2 + 25*a + 4. Let b be o(-25). Suppose 5*h = -20, 3*w - b*h = 4*w - 126. What are the prime factors of w?
2, 71
Let h(b) = -7*b - 13. Let x = 4 + -15. Let t be h(x). Suppose t = 5*y - y. What are the prime factors of y?
2
Let o(p) = 4*p**2 - 17*p - 9. Let w be (27/(-9))/((-3)/((-18)/(-2))). What are the prime factors of o(w)?
2, 3
Let i(o) = -2*o - 18. Let m be i(-14). Suppose m*d = 5*d. Let r = d - -9. What are the prime factors of r?
3
Let k(s) = -36*s + 8. Let r be k(-14). List the prime factors of r/(-6)*(-39)/13.
2
Let r(l) = 2*l**2 - 7*l + 8. Let s be r(-4). Suppose 0 = c + s - 87. What are the prime factors of c?
19
Let g(f) = 4*f + 2. Let b be g(-2). Let a = -59 - -74. Let w = a - b. What are the prime factors of w?
3, 7
Suppose -3*g + 2564 = 4*j, 0 = 2*j - 0*g + 4*g - 1292. What are the prime factors of j?
2, 11, 29
Suppose -g - k + 1392 = 2*g, 3*g - 1392 = 2*k. List the prime factors of g.
2, 29
Let q = 35 + -20. Let l be (-6)/(-15) - 6/q. Suppose -11 = -l*b - b. What are the prime factors of b?
11
Let z = -509 + 1130. Suppose 5*b - 2*b = z. What are the prime factors of b?
3, 23
Let o(c) = -29*c**2 + 2*c - 2. Let t be o(1). Let x = 77 + t. List the prime factors of x.
2, 3
Let k(g) be the first derivative of 2*g**2 - 14*g - 8. Let j be k(7). Suppose j*o + 120 = 19*o. List the prime factors of o.
2, 3
Suppose v - 9 + 11 = 0. Let x(o) = 2*o + 3 + 0*o**3 - 3*o**3 - o**2 + 2*o**3. What are the prime factors of x(v)?
3
Let h(a) = a**3 + 8*a**2 - 12. Let g(p) = 2*p - 41. Let v be g(17). List the prime factors of h(v).
37
Let s(c) = -3*c - 24*c + 6*c. Let x(t) = 11*t. Let h(z) = 4*s(z) + 7*x(z). List the prime factors of h(-5).
5, 7
Let i = -1133 + 1162. What are the prime factors of i?
29
List the prime factors of 931 + -1*((-8)/(-2) + -4).
7, 19
Let d be 16/(-2)*4/(-16). Suppose 3 + 7 = d*m. Suppose -3*z + 0*i - i + 113 = 0, -3*i + 187 = m*z. What are the prime factors of z?
2, 19
Suppose 5*r + 5*a - 1475 = 0, 0 = r + 3*a - 7*a - 295. Let p = r - 136. What are the prime factors of p?
3, 53
Let w be (34/(-4))/((-4)/(-8)). Let t = w + 29. Suppose -3*s + 4*b + 8 = 0, s - 7*b = -2*b - t. What are the prime factors of s?
2
Let t(c) be the third derivative of c**6/120 - 3*c**5/20 - 13*c**4/24 - 5*c**3/3 + 36*c**2. List the prime factors of t(11).
89
Suppose -22*h = 6970 - 22348. List the prime factors of h.
3, 233
List the prime factors of (-186 - -183)/((-3)/4183).
47, 89
Let q(h) = -h - 3 - h + 4 + h**3 + 0*h. Let b be q(1). Suppose b = -3*u - 0*u + 54. List the prime factors of u.
2, 3
Let f = -11 - -19. Suppose -18 = -f*m + 6*m. Let q(a) = a - 4. What are the prime factors of q(m)?
5
Suppose 2 = -m + 4. Suppose 29 + 85 = 2*b - r, -m*b = 3*r - 114. What are the prime factors of b?
3, 19
Suppose 3*w + 5*g = w + 2230, -3363 = -3*w - 3*g. List the prime factors of w.
3, 5
List the prime factors of (1 - 35536/(-32))*2/3.
3, 13, 19
Let y = 3344 + -2372. List the prime factors of y.
2, 3
List the prime factors of -3 - (-407 - (-2 + 5)).
11, 37
Let h be 3/12 + 2*334/16. Let t = h - 39. List the prime factors of t.
3
Let m be (-235)/20 - 2/8. Let c be 9*(2 - -2)/m. List the prime factors of 6 - ((-12)/c + -1).
3
Let v(c) be the second derivative of -c**3/3 + 11*c**2/2 - 58*c. Suppose -u + 0*g = -3*g + 23, 0 = -u - 3*g + 7. List the prime factors of v(u).
3
Let l be 195/25 - 1/(-5). Suppose -l*c + 21*c - 1326 = 0. List the prime factors of c.
2, 3, 17
Let v(j) = -j**3 + 2*j + 41. Suppose 7*y = 6*y. List the prime factors of v(y).
41
Let f(w) = 11 - 2*w + 0*w**3 - 3*w**2 - 5*w**2 + 0*w - w**3. Suppose -2*p = 2*p - m + 33, 2*m + 14 = -2*p. List the prime factors of f(p).
3
Suppose -j + 7 = -2*j + z, 0 = 5*j + 4*z + 71. List the prime factors of (0 + 90)/(((-132)/16)/j).
2, 3, 5
Let q = -543 - -1102. Suppose -749 = -4*a - z, q = -2*a + 5*a - 2*z. What are the prime factors of a?
11, 17
Suppose -620 - 3394 = -6*y. List the prime factors of y.
3, 223
Suppose -14*o - 1314 = -17*o. List the prime factors of o.
2, 3, 73
Suppose 1192 = -0*i + 8*i. List the prime factors of i.
149
Let x = 38 + 6. Let j = x - 26. List the prime factors of j.
2, 3
Let i be (-11815)/(-55) + (-3)/(-66)*4